t + 143986. What is j(-154)?
-4
Let i(q) = -32*q**2 - 10279*q - 2265. Determine i(-321).
-18
Let p(f) = 5*f**3 + 339*f**2 - 2292*f + 142. What is p(-74)?
-6
Let a(d) = 2*d**3 - 8*d**2 - 35*d - 787. What is a(0)?
-787
Let n(a) = a**3 - 14*a**2 - 4504*a + 4744. Determine n(74).
8
Let h(x) = -x**2 + 2650*x + 106176. Calculate h(-40).
-1424
Let i(z) = -z**3 + 5*z**2 + 2364*z + 857. Determine i(-46).
29
Let c(s) = 3*s**3 + 62*s**2 - 1419*s + 1383. What is c(13)?
5
Let h(a) = a**2 - 788*a + 154560. What is h(420)?
0
Let r(q) = -3*q**2 + 354*q + 10227. What is r(-24)?
3
Let f(n) = 31397*n - 62941. Calculate f(2).
-147
Let h(g) = 551*g - 27509. Determine h(49).
-510
Let h(p) = p + 550. Give h(-114).
436
Let u(g) = 501*g + 16610. Determine u(-30).
1580
Let a(d) = d**3 - 11*d**2 + 64714*d - 841614. Give a(13).
6
Let r(t) = t**3 - 2*t**2 - 11*t - 85. What is r(6)?
-7
Let q(i) = -1690*i + 36957. What is q(22)?
-223
Let j(z) = 23993*z + 671790. Determine j(-28).
-14
Let n(j) = j**2 + 21*j - 580. What is n(-38)?
66
Let r(t) = -2562*t - 609834. Give r(-238).
-78
Let c(b) = 38*b**2 - 419*b + 2436. What is c(6)?
1290
Let f(x) = 17*x**2 - 12088*x + 24815. Determine f(709).
0
Let k(a) = 18135*a + 761604. What is k(-42)?
-66
Let d(u) = 33*u**2 + 942*u + 1882. What is d(-2)?
130
Let b(t) = t**3 - 99*t**2 + 94*t - 680. What is b(98)?
-1072
Let y(u) = 3*u**3 + 56*u**2 + 319*u + 513. What is y(-7)?
-5
Let o(j) = -6*j**3 + 161*j**2 - 478*j - 12. Calculate o(3).
-159
Let l(j) = j**3 + 30*j**2 + 512*j + 9683. Give l(-25).
8
Let h(i) = 85*i**2 - 87*i + 63. Calculate h(6).
2601
Let w(i) = -i**3 + 1891*i**2 - 259560*i + 3497. What is w(1742)?
13
Let d(p) = -6*p**3 - 173*p**2 - 777*p - 23381. What is d(-29)?
-7
Let o(u) = -u**3 - 28*u**2 + 93*u + 3776. Determine o(-14).
-270
Let g(i) = -i**3 + 6*i**2 + 496*i - 240. Calculate g(-19).
-639
Let i(w) = w**3 - 20*w**2 - 8344*w + 1711. Calculate i(-82).
71
Let k(y) = -2*y**3 - 132*y**2 - 1685*y - 258. Calculate k(-49).
673
Let w(c) = c**3 + 137*c**2 + 13*c + 1655. What is w(-137)?
-126
Let n(d) = -19*d**3 + 1143*d**2 - 244*d + 3834. Determine n(60).
-6
Let v(i) = -i**3 - 61*i**2 + 94*i + 453. What is v(-63)?
2469
Let l(d) = -25901*d - 336712. Determine l(-13).
1
Let l(j) = 372*j + 142368. What is l(-383)?
-108
Let b(w) = w**3 - 7*w**2 - 486*w + 5127. Give b(12).
15
Let k(w) = -8*w**2 + 134*w - 857. What is k(8)?
-297
Let v(l) = -11723*l - 352515. Give v(-30).
-825
Let t(h) = -h**3 - 5*h**2 - 2505*h + 7596. Calculate t(3).
9
Let f(l) = 88*l**2 + 1216*l - 2509. Calculate f(2).
275
Let t(h) = -6*h**3 - 21*h**2 - 64*h - 54. Calculate t(-2).
38
Let o(g) = g**2 + 912*g + 66574. Give o(-80).
14
Let w(z) = z**3 - 127*z**2 - 914*z + 282053. Determine w(113).
5
Let k(y) = 1811*y + 50737. What is k(-28)?
29
Let k(p) = 2*p**3 - 104*p**2 + 97*p - 59. Calculate k(51).
-314
Let d(x) = x**3 + 56*x**2 + 420*x + 145. Give d(-47).
286
Let f(w) = -w**3 - 31*w**2 + 263*w + 1453. What is f(-37)?
-64
Let f(z) = 6*z**3 + 15*z**2 + 52*z + 48. Calculate f(-4).
-304
Let o(h) = h**3 - 5*h**2 - 421*h + 1782. What is o(21)?
-3
Let g(a) = 2844*a + 45633. Calculate g(-16).
129
Let a(m) = -m**3 + 542*m**2 + 1106*m - 9797. Give a(544).
-5
Let j(f) = -7294*f - 21893. Calculate j(-3).
-11
Let a(j) = -1663*j + 59773. Give a(36).
-95
Let q(p) = p**3 + 67*p**2 - 598*p - 35728. What is q(-68)?
312
Let z(y) = 25486*y - 9939548. What is z(390)?
-8
Let q(r) = -178*r + 63814. What is q(359)?
-88
Let d(h) = -h**2 + 798*h - 47825. Determine d(66).
487
Let l(f) = 8884*f + 248748. What is l(-28)?
-4
Let s(u) = -880*u + 15960. Give s(18).
120
Let v(t) = -12350*t + 876890. What is v(71)?
40
Let t(z) = z**2 - 38506*z + 384960. Determine t(10).
0
Let y(s) = 23567*s - 70709. Calculate y(3).
-8
Let j(s) = -286*s - 28220. Give j(-100).
380
Let l(r) = -39794*r + 676486. What is l(17)?
-12
Let h(k) = -281*k + 1569. Calculate h(7).
-398
Let i(z) = 1305*z - 45658. What is i(35)?
17
Let q(k) = -7*k**3 + 5*k**2 + 22*k + 28. Give q(-2).
60
Let m(k) = 7*k**3 + 460*k**2 + 345*k + 1268. Determine m(-65).
-32
Let t(f) = -f**3 - 8*f**2 - 132*f - 2573. Calculate t(-13).
-12
Let k(j) = j**3 - 1012*j**2 - 47549*j - 16900. Calculate k(1057).
12
Let r(q) = 2*q**2 - 36*q + 385. Calculate r(33).
1375
Let d(f) = 945*f + 191573. Calculate d(-203).
-262
Let t(p) = 8*p**3 + 9*p**2 - 16*p - 28. Give t(-5).
-723
Let r(o) = 5*o**3 + 943*o**2 - 3265*o - 192. What is r(-192)?
0
Let f(y) = 9*y**3 + 1238*y - 86. What is f(0)?
-86
Let l(n) = 7068*n - 106033. What is l(15)?
-13
Let u(g) = 6*g**2 + 347*g + 5823. What is u(-17)?
1658
Let l(w) = 2235*w - 1005744. Determine l(450).
6
Let z(a) = -3*a**3 - 146*a**2 - 619*a + 91. What is z(-44)?
223
Let s(c) = c**2 - 201*c + 8045. What is s(56)?
-75
Let s(b) = -3*b**3 - 73*b**2 - 73*b + 23. Give s(-23).
-414
Let v(m) = m**3 + 15*m**2 + 163*m + 1341. Determine v(-11).
32
Let f(m) = 2*m**3 - 168*m**2 + 582*m - 7320. Determine f(81).
456
Let c(d) = 1967*d**2 - 96384*d + 21. Determine c(49).
-28
Let d(i) = 19144*i - 2258993. Determine d(118).
-1
Let l(x) = 2*x**3 + 6*x**2 - 405*x - 1581. Determine l(-4).
7
Let o(z) = 4*z**2 + 671*z + 6484. Determine o(-10).
174
Let n(i) = -3159*i + 88392. Calculate n(28).
-60
Let m(g) = -1049*g**3 + 8*g**2 - 3*g. Determine m(1).
-1044
Let i(k) = -50*k**2 - 488*k + 92. Determine i(-10).
-28
Let n(h) = -3*h**2 - 28*h + 1027. Give n(15).
-68
Let i(g) = -5*g**3 - 403*g**2 - 1016*g - 142. Give i(-78).
14
Let t(a) = 679*a + 8457. Calculate t(-13).
-370
Let s(v) = -137*v**2 - 788*v + 162. What is s(-6)?
-42
Let i(j) = -7969*j - 31773. What is i(-4)?
103
Let c(s) = 244*s**2 + 1153*s - 3463. Give c(3).
2192
Let f(t) = -t**3 + 677*t**2 - 1849*t - 1015400. Calculate f(672).
-8
Let f(d) = -10722*d + 85789. What is f(8)?
13
Let p(w) = -3965*w - 122913. Calculate p(-31).
2
Let s(k) = 4*k**3 - 37*k**2 - 168*k - 266. Give s(13).
85
Let j(c) = -c**3 + 18*c**2 - 166*c - 3669. What is j(-9)?
12
Let b(t) = 20*t**2 + 494*t - 17790. Determine b(20).
90
Let r(u) = -u**3 - 55*u**2 - 99*u - 5413. What is r(-55)?
32
Let w(l) = -l**3 - 65*l**2 - 184*l + 9572. Calculate w(-59).
-458
Let z(r) = 1896*r + 9480. Determine z(-5).
0
Let m(b) = -4453*b + 3473347. What is m(780)?
7
Let j(g) = 661*g - 18837. Calculate j(29).
332
Let p(j) = 414*j + 17846. What is p(-39)?
1700
Let k(v) = 163*v**2 - 16*v - 5. What is k(3)?
1414
Let a(z) = 7*z**2 + 1626*z + 51850. Determine a(-194).
-142
Let g(i) = -i**3 + 18*i**2 - 166*i + 771. What is g(8)?
83
Let j(h) = -3*h**2 + 571*h + 198. What is j(191)?
-184
Let b(d) = -133*d - 22955. Determine b(-172).
-79
Let i(u) = -14303*u + 42888. Determine i(3).
-21
Let u(c) = 851*c + 2982. What is u(-3)?
429
Let f(d) = -5021*d - 512152. Give f(-102).
-10
Let l(d) = 200807*d - 1405644. What is l(7)?
5
Let f(v) = -v**2 + 265*v - 6805. Calculate f(25).
-805
Let y(q) = q**3 - 23*q**2 - 1387*q - 7524. What is y(-23)?
43
Let a(h) = 48092*h + 144495. Give a(-3).
219
Let l(c) = -6*c**2 - 3388*c - 13534. What is l(-4)?
-78
Let w(t) = -11*t**2 + 158*t + 348672. Determine w(-171).
3
Let s(z) = -2*z**2 + 1901*z - 192170. Give s(115).
-5
Let w(m) = -44891*m - 1660974. Calculate w(-37).
-7
Let l(h) = -h**2 + 8438*h + 8443. Calculate l(-1).
4
Let l(b) = 75*b**2 - 296*b - 239. Determine l(5).
156
Let s(f) = 123*f**3 + 2582*f**2 + f + 90. Calculate s(-21).
-372
Let k(p) = p**3 - 742*p**2 + 993*p - 251. What is k(1)?
1
Let w(s) = s**3 - 76*s**2 - 88*s + 1286. What is w(77)?
439
Let q(y) = 8829*y - 254217. Determine q(29).
1824
Let h(b) = 2*b**3 - 13*b**2 - 223*b + 3686. What is h(-13)?
-6
Let w(t) = 232069*t + 2088753. Determine w(-9).
132
Let o(a) = -11*a**2 + 24698*a + 148143. What is o(-6)?
-441
Let f(m) = -2*m**3 + 118*m**2 - 1645*m - 121. Give f(23).
132
Let y(z) = -23995*z + 9190084. What is y(383)?
-1
Let p(h) = 2*h**3 + 98*h**2 + 3*h + 208. Determine p(-49).
61
Let m(p) = 18*p**2 - 487*p + 3026. Calculate m(17).
-51
Let c(b) = 14051*b - 140503. Give c(10).
7
Let i(r) = -5*r**2 - 4351*r + 93540. Give i(21).
-36
Let o(x) = 188*x + 16804. Determine o(-89).
72
Let c(w) = 2*w**3 - 29*w**2 - 16577*w + 248420. Give c(15).
-10
Let o(x) = -19132*x - 516572. Give o(-27).
-8
Let m(s) = -50025*s + 1650840. What is m(33)?
15
Let m(c) = -7*c**2 + 3722*c - 331173. Calcul